{"id":159,"date":"2022-12-12T20:25:27","date_gmt":"2022-12-12T20:25:27","guid":{"rendered":"http:\/\/s840497202.mialojamiento.es\/clubdeprobadores\/?page_id=159"},"modified":"2022-12-14T16:00:04","modified_gmt":"2022-12-14T16:00:04","slug":"como-funciona","status":"publish","type":"page","link":"https:\/\/tvbio.es\/clubdeprobadores\/como-funciona\/","title":{"rendered":"C\u00d3MO FUNCIONA"},"content":{"rendered":"\t\t<div data-elementor-type=\"wp-page\" data-elementor-id=\"159\" class=\"elementor elementor-159\" data-elementor-settings=\"[]\">\n\t\t\t<div class=\"elementor-inner\">\n\t\t\t\t<div class=\"elementor-section-wrap\">\n\t\t\t\t\t\t\t<section class=\"elementor-element elementor-element-1b178cc1 elementor-section-boxed elementor-section-height-default elementor-section-height-default elementor-section elementor-top-section\" data-id=\"1b178cc1\" data-element_type=\"section\">\n\t\t\t\t\t\t<div class=\"elementor-container elementor-column-gap-default\">\n\t\t\t\t<div class=\"elementor-row\">\n\t\t\t\t<div class=\"elementor-element elementor-element-4e35a4c4 elementor-column elementor-col-100 elementor-top-column\" data-id=\"4e35a4c4\" data-element_type=\"column\">\n\t\t\t<div class=\"elementor-column-wrap  elementor-element-populated\">\n\t\t\t\t\t<div class=\"elementor-widget-wrap\">\n\t\t\t\t<div class=\"elementor-element elementor-element-50f9fc44 elementor-widget elementor-widget-heading\" data-id=\"50f9fc44\" data-element_type=\"widget\" data-widget_type=\"heading.default\">\n\t\t\t\t<div class=\"elementor-widget-container\">\n\t\t\t<h2 class=\"elementor-heading-title elementor-size-default\">C\u00d3MO FUNCIONA<\/h2>\t\t<\/div>\n\t\t\t\t<\/div>\n\t\t\t\t\t\t<\/div>\n\t\t\t<\/div>\n\t\t<\/div>\n\t\t\t\t\t\t<\/div>\n\t\t\t<\/div>\n\t\t<\/section>\n\t\t\t\t<section class=\"elementor-element elementor-element-cc17714 elementor-section-boxed elementor-section-height-default elementor-section-height-default elementor-section elementor-top-section\" data-id=\"cc17714\" data-element_type=\"section\">\n\t\t\t\t\t\t<div class=\"elementor-container elementor-column-gap-default\">\n\t\t\t\t<div class=\"elementor-row\">\n\t\t\t\t<div class=\"elementor-element elementor-element-69783b6 elementor-column elementor-col-25 elementor-top-column\" data-id=\"69783b6\" data-element_type=\"column\">\n\t\t\t<div class=\"elementor-column-wrap  elementor-element-populated\">\n\t\t\t\t\t<div class=\"elementor-widget-wrap\">\n\t\t\t\t<div class=\"elementor-element elementor-element-a8f4769 elementor-widget elementor-widget-image\" data-id=\"a8f4769\" data-element_type=\"widget\" data-widget_type=\"image.default\">\n\t\t\t\t<div class=\"elementor-widget-container\">\n\t\t\t\t\t<div class=\"elementor-image\">\n\t\t\t\t\t\t\t\t\t\t<img loading=\"lazy\" decoding=\"async\" width=\"330\" height=\"391\" src=\"https:\/\/tvbio.es\/clubdeprobadores\/wp-content\/uploads\/2022\/12\/1.png\" class=\"attachment-large size-large\" alt=\"\" srcset=\"https:\/\/tvbio.es\/clubdeprobadores\/wp-content\/uploads\/2022\/12\/1.png 330w, https:\/\/tvbio.es\/clubdeprobadores\/wp-content\/uploads\/2022\/12\/1-253x300.png 253w\" sizes=\"auto, (max-width: 330px) 100vw, 330px\" \/>\t\t\t\t\t\t\t\t\t\t\t<\/div>\n\t\t\t\t<\/div>\n\t\t\t\t<\/div>\n\t\t\t\t<div class=\"elementor-element elementor-element-c9d5f44 elementor-widget elementor-widget-heading\" data-id=\"c9d5f44\" data-element_type=\"widget\" data-widget_type=\"heading.default\">\n\t\t\t\t<div class=\"elementor-widget-container\">\n\t\t\t<h2 class=\"elementor-heading-title elementor-size-default\">1 REGISTRO<\/h2>\t\t<\/div>\n\t\t\t\t<\/div>\n\t\t\t\t<div class=\"elementor-element elementor-element-526bc75 elementor-widget elementor-widget-text-editor\" data-id=\"526bc75\" data-element_type=\"widget\" data-widget_type=\"text-editor.default\">\n\t\t\t\t<div class=\"elementor-widget-container\">\n\t\t\t\t\t<div class=\"elementor-text-editor elementor-clearfix\"><p>Es el primer paso para participar en los proyectos. Buscamos consumidores conscientes y ecol\u00f3gicos.<\/p><\/div>\n\t\t\t\t<\/div>\n\t\t\t\t<\/div>\n\t\t\t\t\t\t<\/div>\n\t\t\t<\/div>\n\t\t<\/div>\n\t\t\t\t<div class=\"elementor-element elementor-element-af0a252 elementor-column elementor-col-25 elementor-top-column\" data-id=\"af0a252\" data-element_type=\"column\">\n\t\t\t<div class=\"elementor-column-wrap  elementor-element-populated\">\n\t\t\t\t\t<div class=\"elementor-widget-wrap\">\n\t\t\t\t<div class=\"elementor-element elementor-element-2c97370 elementor-widget elementor-widget-image\" data-id=\"2c97370\" data-element_type=\"widget\" data-widget_type=\"image.default\">\n\t\t\t\t<div class=\"elementor-widget-container\">\n\t\t\t\t\t<div class=\"elementor-image\">\n\t\t\t\t\t\t\t\t\t\t<img loading=\"lazy\" decoding=\"async\" width=\"330\" height=\"391\" src=\"https:\/\/tvbio.es\/clubdeprobadores\/wp-content\/uploads\/2022\/12\/2.png\" class=\"attachment-large size-large\" alt=\"\" srcset=\"https:\/\/tvbio.es\/clubdeprobadores\/wp-content\/uploads\/2022\/12\/2.png 330w, https:\/\/tvbio.es\/clubdeprobadores\/wp-content\/uploads\/2022\/12\/2-253x300.png 253w\" sizes=\"auto, (max-width: 330px) 100vw, 330px\" \/>\t\t\t\t\t\t\t\t\t\t\t<\/div>\n\t\t\t\t<\/div>\n\t\t\t\t<\/div>\n\t\t\t\t<div class=\"elementor-element elementor-element-ea54b60 elementor-widget elementor-widget-heading\" data-id=\"ea54b60\" data-element_type=\"widget\" data-widget_type=\"heading.default\">\n\t\t\t\t<div class=\"elementor-widget-container\">\n\t\t\t<h2 class=\"elementor-heading-title elementor-size-default\">2 INSCR\u00cdBETE<\/h2>\t\t<\/div>\n\t\t\t\t<\/div>\n\t\t\t\t<div class=\"elementor-element elementor-element-3ad749d elementor-widget elementor-widget-text-editor\" data-id=\"3ad749d\" data-element_type=\"widget\" data-widget_type=\"text-editor.default\">\n\t\t\t\t<div class=\"elementor-widget-container\">\n\t\t\t\t\t<div class=\"elementor-text-editor elementor-clearfix\">Una vez registrado, inscr\u00edbete en los proyectos que m\u00e1s te interesen.<\/div>\n\t\t\t\t<\/div>\n\t\t\t\t<\/div>\n\t\t\t\t\t\t<\/div>\n\t\t\t<\/div>\n\t\t<\/div>\n\t\t\t\t<div class=\"elementor-element elementor-element-78293c3 elementor-column elementor-col-25 elementor-top-column\" data-id=\"78293c3\" data-element_type=\"column\">\n\t\t\t<div class=\"elementor-column-wrap  elementor-element-populated\">\n\t\t\t\t\t<div class=\"elementor-widget-wrap\">\n\t\t\t\t<div class=\"elementor-element elementor-element-b2dcde2 elementor-widget elementor-widget-image\" data-id=\"b2dcde2\" data-element_type=\"widget\" data-widget_type=\"image.default\">\n\t\t\t\t<div class=\"elementor-widget-container\">\n\t\t\t\t\t<div class=\"elementor-image\">\n\t\t\t\t\t\t\t\t\t\t<img loading=\"lazy\" decoding=\"async\" width=\"330\" height=\"391\" src=\"https:\/\/tvbio.es\/clubdeprobadores\/wp-content\/uploads\/2022\/12\/4.png\" class=\"attachment-large size-large\" alt=\"\" srcset=\"https:\/\/tvbio.es\/clubdeprobadores\/wp-content\/uploads\/2022\/12\/4.png 330w, https:\/\/tvbio.es\/clubdeprobadores\/wp-content\/uploads\/2022\/12\/4-253x300.png 253w\" sizes=\"auto, (max-width: 330px) 100vw, 330px\" \/>\t\t\t\t\t\t\t\t\t\t\t<\/div>\n\t\t\t\t<\/div>\n\t\t\t\t<\/div>\n\t\t\t\t<div class=\"elementor-element elementor-element-ae31909 elementor-widget elementor-widget-heading\" data-id=\"ae31909\" data-element_type=\"widget\" data-widget_type=\"heading.default\">\n\t\t\t\t<div class=\"elementor-widget-container\">\n\t\t\t<h2 class=\"elementor-heading-title elementor-size-default\">3 DIVI\u00c9RTETE<\/h2>\t\t<\/div>\n\t\t\t\t<\/div>\n\t\t\t\t<div class=\"elementor-element elementor-element-8a1d361 elementor-widget elementor-widget-text-editor\" data-id=\"8a1d361\" data-element_type=\"widget\" data-widget_type=\"text-editor.default\">\n\t\t\t\t<div class=\"elementor-widget-container\">\n\t\t\t\t\t<div class=\"elementor-text-editor elementor-clearfix\">3 DIVI\u00c9RTETE Recibe en tu casa nuestra \u201cbiobox exclusiva, prueba y comparte el producto con qui\u00e9n tu quieras.<\/div>\n\t\t\t\t<\/div>\n\t\t\t\t<\/div>\n\t\t\t\t\t\t<\/div>\n\t\t\t<\/div>\n\t\t<\/div>\n\t\t\t\t<div class=\"elementor-element elementor-element-f3da3aa elementor-column elementor-col-25 elementor-top-column\" data-id=\"f3da3aa\" data-element_type=\"column\">\n\t\t\t<div class=\"elementor-column-wrap  elementor-element-populated\">\n\t\t\t\t\t<div class=\"elementor-widget-wrap\">\n\t\t\t\t<div class=\"elementor-element elementor-element-de2310c elementor-widget elementor-widget-image\" data-id=\"de2310c\" data-element_type=\"widget\" data-widget_type=\"image.default\">\n\t\t\t\t<div class=\"elementor-widget-container\">\n\t\t\t\t\t<div class=\"elementor-image\">\n\t\t\t\t\t\t\t\t\t\t<img loading=\"lazy\" decoding=\"async\" width=\"330\" height=\"391\" src=\"https:\/\/tvbio.es\/clubdeprobadores\/wp-content\/uploads\/2022\/12\/3.png\" class=\"attachment-large size-large\" alt=\"\" srcset=\"https:\/\/tvbio.es\/clubdeprobadores\/wp-content\/uploads\/2022\/12\/3.png 330w, https:\/\/tvbio.es\/clubdeprobadores\/wp-content\/uploads\/2022\/12\/3-253x300.png 253w\" sizes=\"auto, (max-width: 330px) 100vw, 330px\" \/>\t\t\t\t\t\t\t\t\t\t\t<\/div>\n\t\t\t\t<\/div>\n\t\t\t\t<\/div>\n\t\t\t\t<div class=\"elementor-element elementor-element-1986ada elementor-widget elementor-widget-heading\" data-id=\"1986ada\" data-element_type=\"widget\" data-widget_type=\"heading.default\">\n\t\t\t\t<div class=\"elementor-widget-container\">\n\t\t\t<h2 class=\"elementor-heading-title elementor-size-default\">4 OPINI\u00d3N<\/h2>\t\t<\/div>\n\t\t\t\t<\/div>\n\t\t\t\t<div class=\"elementor-element elementor-element-3830d13 elementor-widget elementor-widget-text-editor\" data-id=\"3830d13\" data-element_type=\"widget\" data-widget_type=\"text-editor.default\">\n\t\t\t\t<div class=\"elementor-widget-container\">\n\t\t\t\t\t<div class=\"elementor-text-editor elementor-clearfix\">Habla con tu gente del producto, env\u00edanos tu opini\u00f3n y la de ell@s y haz que las marcas mejoren con tu opini\u00f3n sincera.<\/div>\n\t\t\t\t<\/div>\n\t\t\t\t<\/div>\n\t\t\t\t\t\t<\/div>\n\t\t\t<\/div>\n\t\t<\/div>\n\t\t\t\t\t\t<\/div>\n\t\t\t<\/div>\n\t\t<\/section>\n\t\t\t\t<section class=\"elementor-element elementor-element-3373151a elementor-section-stretched elementor-section-boxed elementor-section-height-default elementor-section-height-default elementor-section elementor-top-section\" data-id=\"3373151a\" data-element_type=\"section\" data-settings=\"{&quot;stretch_section&quot;:&quot;section-stretched&quot;,&quot;background_background&quot;:&quot;classic&quot;,&quot;shape_divider_bottom&quot;:&quot;curve&quot;,&quot;shape_divider_bottom_negative&quot;:&quot;yes&quot;}\">\n\t\t\t\t\t\t\t<div class=\"elementor-background-overlay\"><\/div>\n\t\t\t\t\t\t<div class=\"elementor-shape elementor-shape-bottom\" data-negative=\"true\">\n\t\t\t<svg xmlns=\"http:\/\/www.w3.org\/2000\/svg\" viewBox=\"0 0 1000 100\" preserveAspectRatio=\"none\">\n\t<path class=\"elementor-shape-fill\" d=\"M500,97C126.7,96.3,0.8,19.8,0,0v100l1000,0V1C1000,19.4,873.3,97.8,500,97z\"\/>\n<\/svg>\t\t<\/div>\n\t\t\t\t\t<div class=\"elementor-container elementor-column-gap-default\">\n\t\t\t\t<div class=\"elementor-row\">\n\t\t\t\t<div class=\"elementor-element elementor-element-372a89ac elementor-column elementor-col-100 elementor-top-column\" data-id=\"372a89ac\" data-element_type=\"column\">\n\t\t\t<div class=\"elementor-column-wrap  elementor-element-populated\">\n\t\t\t\t\t<div class=\"elementor-widget-wrap\">\n\t\t\t\t<div class=\"elementor-element elementor-element-221fd1e elementor-widget elementor-widget-image\" data-id=\"221fd1e\" data-element_type=\"widget\" data-widget_type=\"image.default\">\n\t\t\t\t<div class=\"elementor-widget-container\">\n\t\t\t\t\t<div class=\"elementor-image\">\n\t\t\t\t\t\t\t\t\t\t<img loading=\"lazy\" decoding=\"async\" width=\"508\" height=\"283\" src=\"https:\/\/tvbio.es\/clubdeprobadores\/wp-content\/uploads\/2022\/12\/saber-mas.png\" class=\"attachment-large size-large\" alt=\"\" srcset=\"https:\/\/tvbio.es\/clubdeprobadores\/wp-content\/uploads\/2022\/12\/saber-mas.png 508w, https:\/\/tvbio.es\/clubdeprobadores\/wp-content\/uploads\/2022\/12\/saber-mas-300x167.png 300w\" sizes=\"auto, (max-width: 508px) 100vw, 508px\" \/>\t\t\t\t\t\t\t\t\t\t\t<\/div>\n\t\t\t\t<\/div>\n\t\t\t\t<\/div>\n\t\t\t\t<div class=\"elementor-element elementor-element-c7320d3 elementor-widget elementor-widget-accordion\" data-id=\"c7320d3\" data-element_type=\"widget\" data-widget_type=\"accordion.default\">\n\t\t\t\t<div class=\"elementor-widget-container\">\n\t\t\t\t\t<div class=\"elementor-accordion\" role=\"tablist\">\n\t\t\t\t\t\t\t<div class=\"elementor-accordion-item\">\n\t\t\t\t\t<div id=\"elementor-tab-title-2081\" class=\"elementor-tab-title\" data-tab=\"1\" role=\"tab\" aria-controls=\"elementor-tab-content-2081\">\n\t\t\t\t\t\t\t\t\t\t\t\t\t<span class=\"elementor-accordion-icon elementor-accordion-icon-left\" aria-hidden=\"true\">\n\t\t\t\t\t\t\t\t\t\t\t\t\t\t\t<span class=\"elementor-accordion-icon-closed\"><i class=\"fas fa-caret-down\"><\/i><\/span>\n\t\t\t\t\t\t\t\t<span class=\"elementor-accordion-icon-opened\"><i class=\"fas fa-minus\"><\/i><\/span>\n\t\t\t\t\t\t\t\t\t\t\t\t\t\t<\/span>\n\t\t\t\t\t\t\t\t\t\t\t\t<a class=\"elementor-accordion-title\" href=\"\">\u00bfQu\u00e9 es el club de probadores de Tv Bio?<\/a>\n\t\t\t\t\t<\/div>\n\t\t\t\t\t<div id=\"elementor-tab-content-2081\" class=\"elementor-tab-content elementor-clearfix\" data-tab=\"1\" role=\"tabpanel\" aria-labelledby=\"elementor-tab-title-2081\"><p>El Club de Probadores es una iniciativa de Tv Bio para que nuestros usuarios y espectadores puedan probar de forma gratuita y en sus propias casas, productos ecol\u00f3gicos y naturales, combinando diversi\u00f3n, innovaci\u00f3n y colaboraci\u00f3n.<br \/>Nuestros seguidores tienen la posibilidad de elegir en qu\u00e9 proyectos prefieren participar de entre todos los que vayan surgiendo, pudiendo ser productos alimenticios, cosm\u00e9ticos o de cualquier otra \u00edndole.<br \/><strong>Todo es voluntario y gratuito<\/strong><br \/>Los bioprobador@s seleccionados en cada proyecto probar\u00e1n los productos en sus propias casas con total tranquilidad y de forma gratuita, colaborando y divirti\u00e9ndose con nosotros d\u00e1ndolo a conocer entre amigos, familiares y conocidos.<br \/><strong>Ventajas para los bioprobador@s<\/strong><br \/>Ser miembro de El Club de Probadores te permitir\u00e1 ser de los primeros en conocer productos ecol\u00f3gicos y naturales nuevos que salen al mercado y descubrir nuevas tendencias, pudiendo incluso influir con tus opiniones en el producto final.<\/p><\/div>\n\t\t\t\t<\/div>\n\t\t\t\t\t\t\t<div class=\"elementor-accordion-item\">\n\t\t\t\t\t<div id=\"elementor-tab-title-2082\" class=\"elementor-tab-title\" data-tab=\"2\" role=\"tab\" aria-controls=\"elementor-tab-content-2082\">\n\t\t\t\t\t\t\t\t\t\t\t\t\t<span class=\"elementor-accordion-icon elementor-accordion-icon-left\" aria-hidden=\"true\">\n\t\t\t\t\t\t\t\t\t\t\t\t\t\t\t<span class=\"elementor-accordion-icon-closed\"><i class=\"fas fa-caret-down\"><\/i><\/span>\n\t\t\t\t\t\t\t\t<span class=\"elementor-accordion-icon-opened\"><i class=\"fas fa-minus\"><\/i><\/span>\n\t\t\t\t\t\t\t\t\t\t\t\t\t\t<\/span>\n\t\t\t\t\t\t\t\t\t\t\t\t<a class=\"elementor-accordion-title\" href=\"\">\u00bfC\u00f3mo participo?<\/a>\n\t\t\t\t\t<\/div>\n\t\t\t\t\t<div id=\"elementor-tab-content-2082\" class=\"elementor-tab-content elementor-clearfix\" data-tab=\"2\" role=\"tabpanel\" aria-labelledby=\"elementor-tab-title-2082\"><p>El Club de Probadores es una iniciativa de Tv Bio para que nuestros usuarios y espectadores puedan probar de forma gratuita y en sus propias casas, productos ecol\u00f3gicos y naturales, combinando diversi\u00f3n, innovaci\u00f3n y colaboraci\u00f3n.<br \/>Nuestros seguidores tienen la posibilidad de elegir en qu\u00e9 proyectos prefieren participar de entre todos los que vayan surgiendo, pudiendo ser productos alimenticios, cosm\u00e9ticos o de cualquier otra \u00edndole.<br \/><strong>Todo es voluntario y gratuito<\/strong><br \/>Los bioprobador@s seleccionados en cada proyecto probar\u00e1n los productos en sus propias casas con total tranquilidad y de forma gratuita, colaborando y divirti\u00e9ndose con nosotros d\u00e1ndolo a conocer entre amigos, familiares y conocidos.<br \/><strong>Ventajas para los bioprobador@s<\/strong><br \/>Ser miembro de El Club de Probadores te permitir\u00e1 ser de los primeros en conocer productos ecol\u00f3gicos y naturales nuevos que salen al mercado y descubrir nuevas tendencias, pudiendo incluso influir con tus opiniones en el producto final.<\/p><\/div>\n\t\t\t\t<\/div>\n\t\t\t\t\t\t\t<div class=\"elementor-accordion-item\">\n\t\t\t\t\t<div id=\"elementor-tab-title-2083\" class=\"elementor-tab-title\" data-tab=\"3\" role=\"tab\" aria-controls=\"elementor-tab-content-2083\">\n\t\t\t\t\t\t\t\t\t\t\t\t\t<span class=\"elementor-accordion-icon elementor-accordion-icon-left\" aria-hidden=\"true\">\n\t\t\t\t\t\t\t\t\t\t\t\t\t\t\t<span class=\"elementor-accordion-icon-closed\"><i class=\"fas fa-caret-down\"><\/i><\/span>\n\t\t\t\t\t\t\t\t<span class=\"elementor-accordion-icon-opened\"><i class=\"fas fa-minus\"><\/i><\/span>\n\t\t\t\t\t\t\t\t\t\t\t\t\t\t<\/span>\n\t\t\t\t\t\t\t\t\t\t\t\t<a class=\"elementor-accordion-title\" href=\"\">\u00bfC\u00f3mo se desarrolla?<\/a>\n\t\t\t\t\t<\/div>\n\t\t\t\t\t<div id=\"elementor-tab-content-2083\" class=\"elementor-tab-content elementor-clearfix\" data-tab=\"3\" role=\"tabpanel\" aria-labelledby=\"elementor-tab-title-2083\"><p>El Club de Probadores es una iniciativa de Tv Bio para que nuestros usuarios y espectadores puedan probar de forma gratuita y en sus propias casas, productos ecol\u00f3gicos y naturales, combinando diversi\u00f3n, innovaci\u00f3n y colaboraci\u00f3n.<br \/>Nuestros seguidores tienen la posibilidad de elegir en qu\u00e9 proyectos prefieren participar de entre todos los que vayan surgiendo, pudiendo ser productos alimenticios, cosm\u00e9ticos o de cualquier otra \u00edndole.<br \/><strong>Todo es voluntario y gratuito<\/strong><br \/>Los bioprobador@s seleccionados en cada proyecto probar\u00e1n los productos en sus propias casas con total tranquilidad y de forma gratuita, colaborando y divirti\u00e9ndose con nosotros d\u00e1ndolo a conocer entre amigos, familiares y conocidos.<br \/><strong>Ventajas para los bioprobador@s<\/strong><br \/>Ser miembro de El Club de Probadores te permitir\u00e1 ser de los primeros en conocer productos ecol\u00f3gicos y naturales nuevos que salen al mercado y descubrir nuevas tendencias, pudiendo incluso influir con tus opiniones en el producto final.<\/p><\/div>\n\t\t\t\t<\/div>\n\t\t\t\t\t\t\t<div class=\"elementor-accordion-item\">\n\t\t\t\t\t<div id=\"elementor-tab-title-2084\" class=\"elementor-tab-title\" data-tab=\"4\" role=\"tab\" aria-controls=\"elementor-tab-content-2084\">\n\t\t\t\t\t\t\t\t\t\t\t\t\t<span class=\"elementor-accordion-icon elementor-accordion-icon-left\" aria-hidden=\"true\">\n\t\t\t\t\t\t\t\t\t\t\t\t\t\t\t<span class=\"elementor-accordion-icon-closed\"><i class=\"fas fa-caret-down\"><\/i><\/span>\n\t\t\t\t\t\t\t\t<span class=\"elementor-accordion-icon-opened\"><i class=\"fas fa-minus\"><\/i><\/span>\n\t\t\t\t\t\t\t\t\t\t\t\t\t\t<\/span>\n\t\t\t\t\t\t\t\t\t\t\t\t<a class=\"elementor-accordion-title\" href=\"\">Informes<\/a>\n\t\t\t\t\t<\/div>\n\t\t\t\t\t<div id=\"elementor-tab-content-2084\" class=\"elementor-tab-content elementor-clearfix\" data-tab=\"4\" role=\"tabpanel\" aria-labelledby=\"elementor-tab-title-2084\"><p>El Club de Probadores es una iniciativa de Tv Bio para que nuestros usuarios y espectadores puedan probar de forma gratuita y en sus propias casas, productos ecol\u00f3gicos y naturales, combinando diversi\u00f3n, innovaci\u00f3n y colaboraci\u00f3n.<br \/>Nuestros seguidores tienen la posibilidad de elegir en qu\u00e9 proyectos prefieren participar de entre todos los que vayan surgiendo, pudiendo ser productos alimenticios, cosm\u00e9ticos o de cualquier otra \u00edndole.<br \/><strong>Todo es voluntario y gratuito<\/strong><br \/>Los bioprobador@s seleccionados en cada proyecto probar\u00e1n los productos en sus propias casas con total tranquilidad y de forma gratuita, colaborando y divirti\u00e9ndose con nosotros d\u00e1ndolo a conocer entre amigos, familiares y conocidos.<br \/><strong>Ventajas para los bioprobador@s<\/strong><br \/>Ser miembro de El Club de Probadores te permitir\u00e1 ser de los primeros en conocer productos ecol\u00f3gicos y naturales nuevos que salen al mercado y descubrir nuevas tendencias, pudiendo incluso influir con tus opiniones en el producto final.<\/p><\/div>\n\t\t\t\t<\/div>\n\t\t\t\t\t\t\t<div class=\"elementor-accordion-item\">\n\t\t\t\t\t<div id=\"elementor-tab-title-2085\" class=\"elementor-tab-title\" data-tab=\"5\" role=\"tab\" aria-controls=\"elementor-tab-content-2085\">\n\t\t\t\t\t\t\t\t\t\t\t\t\t<span class=\"elementor-accordion-icon elementor-accordion-icon-left\" aria-hidden=\"true\">\n\t\t\t\t\t\t\t\t\t\t\t\t\t\t\t<span class=\"elementor-accordion-icon-closed\"><i class=\"fas fa-caret-down\"><\/i><\/span>\n\t\t\t\t\t\t\t\t<span class=\"elementor-accordion-icon-opened\"><i class=\"fas fa-minus\"><\/i><\/span>\n\t\t\t\t\t\t\t\t\t\t\t\t\t\t<\/span>\n\t\t\t\t\t\t\t\t\t\t\t\t<a class=\"elementor-accordion-title\" href=\"\">Preguntas frecuentes<\/a>\n\t\t\t\t\t<\/div>\n\t\t\t\t\t<div id=\"elementor-tab-content-2085\" class=\"elementor-tab-content elementor-clearfix\" data-tab=\"5\" role=\"tabpanel\" aria-labelledby=\"elementor-tab-title-2085\"><p>El Club de Probadores es una iniciativa de Tv Bio para que nuestros usuarios y espectadores puedan probar de forma gratuita y en sus propias casas, productos ecol\u00f3gicos y naturales, combinando diversi\u00f3n, innovaci\u00f3n y colaboraci\u00f3n.<br \/>Nuestros seguidores tienen la posibilidad de elegir en qu\u00e9 proyectos prefieren participar de entre todos los que vayan surgiendo, pudiendo ser productos alimenticios, cosm\u00e9ticos o de cualquier otra \u00edndole.<br \/><strong>Todo es voluntario y gratuito<\/strong><br \/>Los bioprobador@s seleccionados en cada proyecto probar\u00e1n los productos en sus propias casas con total tranquilidad y de forma gratuita, colaborando y divirti\u00e9ndose con nosotros d\u00e1ndolo a conocer entre amigos, familiares y conocidos.<br \/><strong>Ventajas para los bioprobador@s<\/strong><br \/>Ser miembro de El Club de Probadores te permitir\u00e1 ser de los primeros en conocer productos ecol\u00f3gicos y naturales nuevos que salen al mercado y descubrir nuevas tendencias, pudiendo incluso influir con tus opiniones en el producto final.<\/p><\/div>\n\t\t\t\t<\/div>\n\t\t\t\t\t<\/div>\n\t\t\t\t<\/div>\n\t\t\t\t<\/div>\n\t\t\t\t\t\t<\/div>\n\t\t\t<\/div>\n\t\t<\/div>\n\t\t\t\t\t\t<\/div>\n\t\t\t<\/div>\n\t\t<\/section>\n\t\t\t\t\t\t<\/div>\n\t\t\t<\/div>\n\t\t<\/div>\n\t\t","protected":false},"excerpt":{"rendered":"<p>C\u00d3MO FUNCIONA 1 REGISTRO Es el primer paso para participar en los proyectos. Buscamos consumidores conscientes y ecol\u00f3gicos. 2 INSCR\u00cdBETE Una vez registrado, inscr\u00edbete en los proyectos que m\u00e1s te interesen. 3 DIVI\u00c9RTETE 3 DIVI\u00c9RTETE Recibe en tu casa nuestra \u201cbiobox exclusiva, prueba y comparte el producto con qui\u00e9n tu quieras. 4 OPINI\u00d3N Habla con &#8230; <a title=\"C\u00d3MO FUNCIONA\" class=\"read-more\" href=\"https:\/\/tvbio.es\/clubdeprobadores\/como-funciona\/\">Leer m\u00e1s <span class=\"screen-reader-text\">C\u00d3MO FUNCIONA<\/span><\/a><\/p>\n","protected":false},"author":1,"featured_media":0,"parent":0,"menu_order":0,"comment_status":"closed","ping_status":"closed","template":"elementor_header_footer","meta":{"footnotes":""},"class_list":["post-159","page","type-page","status-publish"],"_links":{"self":[{"href":"https:\/\/tvbio.es\/clubdeprobadores\/wp-json\/wp\/v2\/pages\/159","targetHints":{"allow":["GET"]}}],"collection":[{"href":"https:\/\/tvbio.es\/clubdeprobadores\/wp-json\/wp\/v2\/pages"}],"about":[{"href":"https:\/\/tvbio.es\/clubdeprobadores\/wp-json\/wp\/v2\/types\/page"}],"author":[{"embeddable":true,"href":"https:\/\/tvbio.es\/clubdeprobadores\/wp-json\/wp\/v2\/users\/1"}],"replies":[{"embeddable":true,"href":"https:\/\/tvbio.es\/clubdeprobadores\/wp-json\/wp\/v2\/comments?post=159"}],"version-history":[{"count":36,"href":"https:\/\/tvbio.es\/clubdeprobadores\/wp-json\/wp\/v2\/pages\/159\/revisions"}],"predecessor-version":[{"id":452,"href":"https:\/\/tvbio.es\/clubdeprobadores\/wp-json\/wp\/v2\/pages\/159\/revisions\/452"}],"wp:attachment":[{"href":"https:\/\/tvbio.es\/clubdeprobadores\/wp-json\/wp\/v2\/media?parent=159"}],"curies":[{"name":"wp","href":"https:\/\/api.w.org\/{rel}","templated":true}]}}